 What is the hundreds digit of r?
4
Let v = 16 + -21. Let w(a) = -12*a + 12. Let c be w(v). Let d = c - 30. What is the tens digit of d?
4
Suppose 6*h = 4879 + 19235. What is the thousands digit of h?
4
Suppose -3*t = -4*t + 7. Suppose -5*h = -t*h + 108. What is the units digit of h?
4
Suppose -17*h + 5*u = -13*h - 907, 20 = 4*u. What is the hundreds digit of h?
2
Let s(n) = -n**2 + 3*n + 20. Let y be s(6). Suppose -y*h + 13 = 9. Let c = 17 + h. What is the tens digit of c?
1
Suppose -p + 5*d + 1283 = 0, -p - d - 3849 = -4*p. What is the units digit of p?
3
Let h = -364 - -601. What is the units digit of h?
7
Let u be 4/3*(-3)/(-2). Suppose 3*l = u*l + 2. Suppose -5*a = -l*a - 96. What is the tens digit of a?
3
Let h(k) = 177*k + 380. What is the tens digit of h(14)?
5
Let p = -30 + 16. Let k = p + 37. Suppose k + 17 = 4*m. What is the units digit of m?
0
Suppose 2*n - 4*y + 36 = -0*y, 2*n + 37 = 5*y. Let l(i) = -3*i + 1. What is the units digit of l(n)?
9
Let b = -35 - -74. Let g be 9/((-7)/((-28)/6)). What is the tens digit of b*(g/(-3))/(-2)?
3
Let p(h) = h**3 + 2*h**2 - 3*h - 5. Let l be p(-3). Let n(i) = i**3 + 6*i**2 - 14*i - 8. What is the units digit of n(l)?
7
Let a = 1659 + -878. What is the hundreds digit of a?
7
Let j be (4 + 76)/(0 - -1). Suppose -2*l - j = -6*l. What is the units digit of l?
0
Let x(w) = w - 5. Let m be x(8). Let n(q) = q. What is the units digit of n(m)?
3
Suppose -u - 1 = -3. Suppose g + u*j = 34, -g - 3*g + 2*j + 116 = 0. What is the units digit of ((-24)/g)/(2/(-10))?
4
Let s(k) = -k**3 + 6*k**2 + 2*k + 2. Let l be s(6). Let n be ((-21)/l)/(3/32). Let u = n - -25. What is the units digit of u?
9
Let n be ((-25)/10)/((-2)/452). Suppose 4*m - 111 = n. What is the hundreds digit of m?
1
What is the hundreds digit of 3254 - 2 - (-120)/(-20)?
2
Let m(b) = -b**2 + 17*b - 7. Let q be m(16). Let y(d) = 2*d. What is the tens digit of y(q)?
1
Let w(g) = -g**2 + 14*g - 10. Suppose 5*f - 5*l - 35 = 0, 2*l - 13 - 8 = -5*f. What is the tens digit of w(f)?
3
Let a be 0*(13/(-3) + 4). Let r(z) = 2*z + 244. What is the units digit of r(a)?
4
Suppose -2*g + m + 2502 = 3*m, 5*g - 4*m = 6246. What is the hundreds digit of g?
2
Suppose -31*s - 4252 = -35*s. What is the thousands digit of s?
1
Suppose -26 = 3*u - 2*u. Let o = -15 - u. Suppose 5*j - 41 = -o. What is the units digit of j?
6
Suppose -2*j + j + 9 = 0. Let z(y) = -7*y - 13. Let a be z(-2). What is the units digit of j*a + 4 + -6?
7
What is the units digit of 3459 + 0 - (-6 - (-10 - -3))?
8
Let l be ((-2)/(-5))/(4/100). Let x be (2 - 8/5)*l. Suppose 3*r - x*y - 144 = -0*y, -r + 50 = -2*y. What is the tens digit of r?
4
Suppose 2*c + 12 = -0*c. Suppose -35 = 2*j + y, 47 = -3*j - 0*j + 4*y. Let p = c - j. What is the units digit of p?
1
Let d be (-85)/(-2)*(-468)/(-30). What is the tens digit of (-40)/60*d/(-2)?
2
Suppose 0 = -4*i - 8 + 20. Let b be 6/(-4)*(-62)/i. What is the tens digit of (2 + -3)*-1*b?
3
Let s be (-10)/4*24/(-30). Let i = s + 76. What is the tens digit of i?
7
Let v = 1682 - 502. What is the thousands digit of v?
1
Suppose -3*v - 72*z = -69*z - 348, -4*v - z + 455 = 0. Let i be 4/(-10) - 792/(-5). Let l = i - v. What is the tens digit of l?
4
Suppose 2*n + 630 = 4*p, -5*p + 6*n + 783 = 2*n. Suppose 0 = -6*b + 531 + p. What is the tens digit of b?
1
Let c(m) = 155*m + 237. What is the units digit of c(6)?
7
Let i be 1/((-9)/(-2) - 4). Suppose 5*b = -o + 330, -b - i*b - o + 196 = 0. What is the tens digit of b?
6
Let z = 19 - -22. Suppose -z - 95 = -2*a - 4*s, 5*s = 5*a - 325. What is the units digit of a?
6
What is the thousands digit of (4 + 5292/4)*4/1?
5
Suppose 0 = 2*b + 4*d - 10, -12*b + 2*d = -15*b + 11. Suppose -3*z - 2*z + 40 = 0. Suppose 4 = b*g - z. What is the units digit of g?
4
Suppose -12 = -2*u - 2*g, u - 3*g = 6*u - 28. Suppose 2*h + 79 + 266 = 3*n, -4*h = u*n - 597. What is the units digit of n?
7
Let a = 79 + -76. Suppose 92 = s + 5*d, a*s - d + 0*d = 324. What is the hundreds digit of s?
1
Let y(m) = -m**2 + 4*m - 9. Let j(a) = -2*a - 7. Let d be j(-5). Let p be y(d). What is the tens digit of ((-183)/p - -3)*2?
6
Suppose -6*g = -7*g - 237. What is the tens digit of 4/(-6)*g/2?
7
Suppose o + 2 = 2*o. Suppose -j - b + 23 = 2*b, 5*b + 68 = o*j. What is the units digit of j/4 + 2/(-8)?
7
Let u(o) = 5*o + 15. Let p = 30 - 19. What is the units digit of u(p)?
0
Suppose 2*z + 2*z = -4*n + 24, 4*n - z - 39 = 0. What is the units digit of (95/15)/(1/n)?
7
Let d be 3*7/1 - -3. Let p = 10 + -16. Let n = p + d. What is the tens digit of n?
1
Suppose 0 = 3*z + s - 1589, -z + 547 = 46*s - 50*s. What is the units digit of z?
1
Let f = -659 - -1559. What is the tens digit of f?
0
Suppose 0 = 3*d - 30. Let s be 6/(-27) - 50/18. What is the units digit of s/(6/d*-1)?
5
Suppose 9*t - 19959 = 579. What is the hundreds digit of t?
2
Let d = 98 + 55. What is the tens digit of d?
5
Suppose 10*y - 5*y - 5*m = -45, y + 15 = 3*m. Let a = y - -47. What is the tens digit of a?
4
What is the units digit of (2896/(-24))/(((-12)/(-9))/(-4))?
2
Let u(p) = 3*p - 12. Let d be u(9). Suppose -8*c = -3*c - d. What is the units digit of c?
3
Let d = 649 + -140. Suppose -d + 104 = -5*r. What is the tens digit of r?
8
Suppose -2*i = -12 - 10. Let a = 12 - i. What is the units digit of 24/(((-3)/(-3))/a)?
4
Suppose 11*m = 3*m + 56. Suppose -a + 9 - m = 0. What is the units digit of a?
2
Let s be ((-77)/2)/((-2)/4). Let b = -5 + s. What is the tens digit of b?
7
Suppose -x - 3*r = -286, -1449 = -5*x + 4*r - 0*r. What is the tens digit of x?
8
Let q be ((-81)/36)/((-6)/16). Suppose 0 = -q*i + 81 + 645. What is the tens digit of i?
2
Suppose -3*x = -2*s + 898, -5*s + 2595 - 341 = -3*x. What is the tens digit of s?
5
Let i(b) = -b**3 + 17*b**2 - 18*b + 35. Let x be i(16). Let y be 2/(-4)*(3 + -3). Suppose -4*s = -a - 19, -3*s = -y*s - x*a - 3. What is the units digit of s?
6
Let i(t) = 4*t**3 + 2*t**3 + 2*t**2 - 4*t**3 - 3*t - 5 + 10*t**2. What is the tens digit of i(-6)?
1
Let i(h) = h**2 + 22*h - 157. What is the tens digit of i(-34)?
5
Suppose 501 = 3*t - 4*r + r, 3*t + r - 509 = 0. What is the hundreds digit of t?
1
Let f be 3/(0 + -1)*3034/123. Suppose -2*k + 0*k + 34 = 5*o, 4*o + 2*k = 28. What is the tens digit of f/(-6) + o/9?
1
Let s = -917 - -1367. What is the units digit of s?
0
Suppose 0 + 8 = 4*m. Suppose 51 = 4*p + 3*v, -3*p + 4*v + v + m = 0. What is the units digit of p?
9
Suppose 3*d + 133 = 1033. Let b = d - 203. What is the units digit of b?
7
Suppose -2*b - 3*h + 271 = 4, 3*b + h - 404 = 0. What is the hundreds digit of b?
1
Let v be (-2)/(-3) + (-225)/(-27). Let t = v + -8. Let u(o) = 9*o - 1. What is the units digit of u(t)?
8
Let o be (-32)/14 - 4/(-14) - -50. Let m = 194 - o. What is the units digit of m?
6
What is the hundreds digit of -2 + 3447 - (-9 - (-2 - 0))?
4
Suppose -13*h + 53 = 1. Suppose -297 = -2*k + 3*y, k - 6*y - 147 = -h*y. What is the units digit of k?
3
Let l(h) = 3*h + 45. Let y(a) = a + 11. Let x(z) = -4*l(z) + 15*y(z). Let s be x(-7). What is the tens digit of s/14*140/(-30)?
1
Let g(q) = 5*q**2 + 64*q + 57. What is the units digit of g(-24)?
1
Let f be (-5)/(-20) + 118/8. Suppose -s - f = -4*s. Suppose 2*p + p = 3*l - 60, s*p + 10 = 0. What is the tens digit of l?
1
Suppose 11*q - 4 = 10*q. Let h be 0*1/(-3) - -5. Suppose -v + f = q*v - 119, h*v + 2*f - 122 = 0. What is the units digit of v?
4
Let f(z) = -z - 16. Let y be f(-14). Let o be 6/3*(y - -25). Let n = o - 25. What is the units digit of n?
1
Suppose -2295 = 9*n - 18225. Suppose -3*o - 7*o = -n. What is the units digit of o?
7
Let f(c) = 2*c**2 - 1 + 2*c**3 - 6*c**3 - 2*c**3. Let z be f(-1). Suppose z*j - 17 = 11. What is the units digit of j?
4
Let p(h) = -4*h**3 + 8*h**2 + 35*h + 102. What is the tens digit of p(-4)?
4
Let x be ((-15)/(-10))/(3/4). Let y be ((-1)/(-2))/(1/4). What is the tens digit of x/(y + (-368)/188)?
4
Let t(m) = -12*m - 60. Let c(q) = -8*q - 40. Let j(h) = 8*c(h) - 5*t(h). Let b be j(-8). What is the units digit of b/(-3) + (32 - -3)?
1
Suppose -14*n - 3 = -15*n. Suppose -5*c = 25, n*b + 3*c - 52 = 35. What is the units digit of b?
4
Suppose -3*j + 19 = 5*o, o + 5*j - 6*j = -1. Suppose o*g = -15 + 51. What is the tens digit of g?
1
What is the ten